
{"id":24,"date":"2023-05-15T01:59:46","date_gmt":"2023-05-15T01:59:46","guid":{"rendered":"https:\/\/themeholy.com\/wordpress\/malen\/?page_id=24"},"modified":"2023-10-09T07:37:55","modified_gmt":"2023-10-09T07:37:55","slug":"service-details","status":"publish","type":"page","link":"https:\/\/polikalip.com.tr\/?page_id=24","title":{"rendered":"Kalite Politikam\u0131z"},"content":{"rendered":"\t\t<div data-elementor-type=\"wp-page\" data-elementor-id=\"24\" class=\"elementor elementor-24\">\n\t\t\t\t\t\t\t\t\t<section class=\"elementor-section elementor-top-section elementor-element elementor-element-2f71408 elementor-reverse-tablet elementor-reverse-mobile elementor-section-boxed elementor-section-height-default elementor-section-height-default\" data-id=\"2f71408\" data-element_type=\"section\">\n\t\t\t\t\t\t<div class=\"elementor-container elementor-column-gap-no\">\n\t\t\t\t\t<div class=\"elementor-column elementor-col-50 elementor-top-column elementor-element elementor-element-fed7c54 sidebar-area\" data-id=\"fed7c54\" data-element_type=\"column\">\n\t\t\t<div class=\"elementor-widget-wrap elementor-element-populated\">\n\t\t\t\t\t\t\t\t<div class=\"elementor-element elementor-element-4b50308 elementor-widget elementor-widget-maleninfobox\" data-id=\"4b50308\" data-element_type=\"widget\" data-widget_type=\"maleninfobox.default\">\n\t\t\t\t<div class=\"elementor-widget-container\">\n\t\t\t\r\n        \t\t\t<div class=\"widget_banner  \" data-bg-src=\"https:\/\/polikalip.com.tr\/wp-content\/uploads\/2023\/09\/medium-shot-woman-working-laptop-1.jpg\">\r\n\t\t\t\t<div class=\"widget_wrapper\">\r\n\t\t\t\t\t<h4 class=\"widget_title\">Destek Hatt\u0131m\u0131z<\/h4>\r\n\t\t\t\t\t<div class=\"widget-banner\">\r\n\t\t\t\t\t\t<div class=\"widget-icon\">\r\n\t\t\t\t\t\t\t<a href=\"tel:05412662108\" class=\"play-btn\"><i class=\"fa-regular fa-phone\"><\/i><\/a>\r\n\t\t\t\t\t\t<\/div>\r\n\t\t\t\t\t\t<div class=\"widget-content\">\r\n\t\t\t\t\t\t\t<span class=\"widget_desc\">\u0130leti\u015fim<\/span>\r\n\t\t\t\t\t\t\t<a href=\"tel:05412662108\" class=\"banner-link\">0541 266 2108<\/a>\r\n\t\t\t\t\t\t<\/div>\r\n\t\t\t\t\t<\/div>\r\n\t\t\t\t<\/div>\r\n\t\t\t<\/div>\r\n\r\n\r\n    \t\t\t<\/div>\n\t\t\t\t<\/div>\n\t\t\t\t\t<\/div>\n\t\t<\/div>\n\t\t\t\t<div class=\"elementor-column elementor-col-50 elementor-top-column elementor-element elementor-element-ab387dc\" data-id=\"ab387dc\" data-element_type=\"column\">\n\t\t\t<div class=\"elementor-widget-wrap elementor-element-populated\">\n\t\t\t\t\t\t\t\t<div class=\"elementor-element elementor-element-31856ae elementor-widget__width-initial elementor-widget elementor-widget-image\" data-id=\"31856ae\" data-element_type=\"widget\" data-widget_type=\"image.default\">\n\t\t\t\t<div class=\"elementor-widget-container\">\n\t\t\t<style>\/*! elementor - v3.16.0 - 20-09-2023 *\/\n.elementor-widget-image{text-align:center}.elementor-widget-image a{display:inline-block}.elementor-widget-image a img[src$=\".svg\"]{width:48px}.elementor-widget-image img{vertical-align:middle;display:inline-block}<\/style>\t\t\t\t\t\t\t\t\t\t\t\t<img loading=\"lazy\" decoding=\"async\" width=\"751\" height=\"292\" src=\"https:\/\/polikalip.com.tr\/wp-content\/uploads\/2023\/09\/polikalipkalitekontrol-768x299.jpg\" class=\"attachment-medium_large size-medium_large wp-image-2052\" alt=\"\" srcset=\"https:\/\/polikalip.com.tr\/wp-content\/uploads\/2023\/09\/polikalipkalitekontrol-768x299.jpg 768w, https:\/\/polikalip.com.tr\/wp-content\/uploads\/2023\/09\/polikalipkalitekontrol-300x117.jpg 300w, https:\/\/polikalip.com.tr\/wp-content\/uploads\/2023\/09\/polikalipkalitekontrol-1024x398.jpg 1024w, https:\/\/polikalip.com.tr\/wp-content\/uploads\/2023\/09\/polikalipkalitekontrol-1536x598.jpg 1536w, https:\/\/polikalip.com.tr\/wp-content\/uploads\/2023\/09\/polikalipkalitekontrol-600x233.jpg 600w, https:\/\/polikalip.com.tr\/wp-content\/uploads\/2023\/09\/polikalipkalitekontrol.jpg 2000w\" sizes=\"auto, (max-width: 751px) 100vw, 751px\" \/>\t\t\t\t\t\t\t\t\t\t\t\t\t\t\t<\/div>\n\t\t\t\t<\/div>\n\t\t\t\t<div class=\"elementor-element elementor-element-07165c4 elementor-widget elementor-widget-heading\" data-id=\"07165c4\" data-element_type=\"widget\" data-widget_type=\"heading.default\">\n\t\t\t\t<div class=\"elementor-widget-container\">\n\t\t\t<style>\/*! elementor - v3.16.0 - 20-09-2023 *\/\n.elementor-heading-title{padding:0;margin:0;line-height:1}.elementor-widget-heading .elementor-heading-title[class*=elementor-size-]>a{color:inherit;font-size:inherit;line-height:inherit}.elementor-widget-heading .elementor-heading-title.elementor-size-small{font-size:15px}.elementor-widget-heading .elementor-heading-title.elementor-size-medium{font-size:19px}.elementor-widget-heading .elementor-heading-title.elementor-size-large{font-size:29px}.elementor-widget-heading .elementor-heading-title.elementor-size-xl{font-size:39px}.elementor-widget-heading .elementor-heading-title.elementor-size-xxl{font-size:59px}<\/style><h4 class=\"elementor-heading-title elementor-size-default\">Kalite Politikam\u0131z<\/h4>\t\t<\/div>\n\t\t\t\t<\/div>\n\t\t\t\t<div class=\"elementor-element elementor-element-5e801b5 elementor-widget elementor-widget-text-editor\" data-id=\"5e801b5\" data-element_type=\"widget\" data-widget_type=\"text-editor.default\">\n\t\t\t\t<div class=\"elementor-widget-container\">\n\t\t\t<style>\/*! elementor - v3.16.0 - 20-09-2023 *\/\n.elementor-widget-text-editor.elementor-drop-cap-view-stacked .elementor-drop-cap{background-color:#69727d;color:#fff}.elementor-widget-text-editor.elementor-drop-cap-view-framed .elementor-drop-cap{color:#69727d;border:3px solid;background-color:transparent}.elementor-widget-text-editor:not(.elementor-drop-cap-view-default) .elementor-drop-cap{margin-top:8px}.elementor-widget-text-editor:not(.elementor-drop-cap-view-default) .elementor-drop-cap-letter{width:1em;height:1em}.elementor-widget-text-editor .elementor-drop-cap{float:left;text-align:center;line-height:1;font-size:50px}.elementor-widget-text-editor .elementor-drop-cap-letter{display:inline-block}<\/style>\t\t\t\t<p>PoliKal\u0131p olarak, m\u00fc\u015fterilerimize kaliteli kal\u0131plar sunmak ve otomotiv sekt\u00f6r\u00fcnde fason \u00fcretim hizmetlerinde lider bir tedarik\u00e7i olmak i\u00e7in taahh\u00fctte bulunuyoruz. Kalite politikam\u0131z, \u015firketimizin temel de\u011ferlerini ve hedeflerini yans\u0131tmaktad\u0131r.<\/p><h6>M\u00fc\u015fteri Memnuniyeti<\/h6><p>M\u00fc\u015fterilerimizin ihtiya\u00e7lar\u0131n\u0131 anlamak ve beklentilerini kar\u015f\u0131lamak i\u00e7in \u00e7aba g\u00f6steriyoruz. M\u00fc\u015fteri memnuniyetini sa\u011flamak i\u00e7in s\u00fcrekli olarak \u00fcr\u00fcnlerimizin kalitesini art\u0131rmaya y\u00f6nelik \u00e7\u00f6z\u00fcmler \u00fcretiyoruz.<\/p><h6>Kalite Standartlar\u0131na Uyum<\/h6><p>\u00dcr\u00fcnlerimizin ve hizmetlerimizin, ulusal ve uluslararas\u0131 kalite standartlar\u0131na uygun oldu\u011funu garanti ediyoruz. Bu ama\u00e7la, i\u015f s\u00fcre\u00e7lerimizi d\u00fczenli olarak g\u00f6zden ge\u00e7iriyor ve geli\u015ftiriyoruz.<\/p><h6>S\u00fcrekli \u0130yile\u015ftirme<\/h6><p>S\u00fcrekli iyile\u015ftirme ilkesini benimseyerek, i\u015f s\u00fcre\u00e7lerimizi ve \u00fcr\u00fcn kalitemizi s\u00fcrekli olarak geli\u015ftiriyoruz. Personelimizi e\u011fitmek ve yeteneklerini geli\u015ftirmek i\u00e7in kaynaklar sa\u011fl\u0131yoruz.<\/p><h6>\u00c7evresel ve Sosyal Sorumluluk<\/h6><p>\u00c7evresel ve sosyal sorumluluk bilinciyle hareket ediyor, \u00e7evreye duyarl\u0131 \u00fcretim y\u00f6ntemlerini te\u015fvik ediyoruz. Ayn\u0131 zamanda, i\u015f sa\u011fl\u0131\u011f\u0131 ve g\u00fcvenli\u011fi konular\u0131na b\u00fcy\u00fck \u00f6nem veriyoruz.<\/p><h6>\u0130\u015fbirli\u011fi ve \u0130leti\u015fim<\/h6><p>M\u00fc\u015fterilerimiz, tedarik\u00e7ilerimiz, \u00e7al\u0131\u015fanlar\u0131m\u0131z ve di\u011fer i\u015f payda\u015flar\u0131 ile a\u00e7\u0131k ve d\u00fcr\u00fcst ileti\u015fim kurmaya \u00f6zen g\u00f6steriyoruz. \u0130\u015fbirli\u011fi ve payda\u015flar\u0131m\u0131zla uzun vadeli ili\u015fkiler kurma konusunda kararl\u0131y\u0131z.<\/p><h6>Personel Kat\u0131l\u0131m\u0131 ve Motivasyon<\/h6><p>Personelimizin kat\u0131l\u0131m\u0131n\u0131 te\u015fvik ediyor ve onlar\u0131 s\u00fcre\u00e7lerimize dahil ediyoruz. Personel memnuniyetini sa\u011flamak i\u00e7in adil i\u015f ko\u015fullar\u0131, e\u011fitim f\u0131rsatlar\u0131 ve kariyer geli\u015fimini destekliyoruz.<\/p><p>Bu kalite politikas\u0131, PoliKal\u0131p \u0130simli firmas\u0131n\u0131n temel taahh\u00fctlerini yans\u0131tmaktad\u0131r. Bu politikay\u0131 \u015firketimizin t\u00fcm \u00e7al\u0131\u015fanlar\u0131na duyurarak, kalite standartlar\u0131m\u0131za ba\u011fl\u0131 kalmalar\u0131n\u0131 ve m\u00fc\u015fterilerimize en iyi hizmeti sunmam\u0131za yard\u0131mc\u0131 olmalar\u0131n\u0131 sa\u011fl\u0131yoruz.<\/p><p>Bu kalite politikas\u0131, y\u00f6netim taraf\u0131ndan s\u00fcrekli olarak g\u00f6zden ge\u00e7irilir ve gerekti\u011finde g\u00fcncellenir.<\/p>\t\t\t\t\t\t<\/div>\n\t\t\t\t<\/div>\n\t\t\t\t<div class=\"elementor-element elementor-element-29a4e98 elementor-widget__width-initial elementor-widget elementor-widget-malenfeatures\" data-id=\"29a4e98\" data-element_type=\"widget\" data-widget_type=\"malenfeatures.default\">\n\t\t\t\t<div class=\"elementor-widget-container\">\n\t\t\t\r\n        \t\t\t<div class=\"row gy-4 mb-30 justify-content-center\">\r\n\t\t\t\t\t\t\t\t<div class=\"col-xxl-4 col-xl-6 col-lg-6 col-md-6\">\r\n\t\t\t\t\t<div class=\"feature-item-content style2\">\r\n\t\t\t\t\t\t<div class=\"feature-item_shape\">\r\n\t\t\t\t\t\t\t<img decoding=\"async\" src=\"\" alt=\"\"  \/>\t\t\t\t\t\t<\/div>\r\n\t\t\t\t\t\t<div class=\"feature-item_wrapper\">\r\n\t\t\t\t\t\t\t<div class=\"feature-item_icon\">\r\n\t\t\t\t\t\t\t\t<img decoding=\"async\" src=\"https:\/\/kaylakozmetik.com\/wp-content\/uploads\/2023\/05\/like.svg\" alt=\"like\"  \/>\t\t\t\t\t\t\t<\/div>\r\n\t\t\t\t\t\t\t<div class=\"media-body\">\r\n\t\t\t\t\t\t\t\t<h3 class=\"feature-item_title\">M\u00fc\u015fteri Memnunyeti<\/h3>\r\n\t\t\t\t\t\t\t<\/div>\r\n\t\t\t\t\t\t<\/div>\r\n\t\t\t\t\t<\/div>\r\n\t\t\t\t<\/div>\r\n\t\t\t\t\t\t\t\t<div class=\"col-xxl-4 col-xl-6 col-lg-6 col-md-6\">\r\n\t\t\t\t\t<div class=\"feature-item-content style2\">\r\n\t\t\t\t\t\t<div class=\"feature-item_shape\">\r\n\t\t\t\t\t\t\t<img decoding=\"async\" src=\"\" alt=\"\"  \/>\t\t\t\t\t\t<\/div>\r\n\t\t\t\t\t\t<div class=\"feature-item_wrapper\">\r\n\t\t\t\t\t\t\t<div class=\"feature-item_icon\">\r\n\t\t\t\t\t\t\t\t<img decoding=\"async\" src=\"https:\/\/kaylakozmetik.com\/wp-content\/uploads\/2023\/05\/medal.svg\" alt=\"medal\"  \/>\t\t\t\t\t\t\t<\/div>\r\n\t\t\t\t\t\t\t<div class=\"media-body\">\r\n\t\t\t\t\t\t\t\t<h3 class=\"feature-item_title\">Kalite Kontrol<\/h3>\r\n\t\t\t\t\t\t\t<\/div>\r\n\t\t\t\t\t\t<\/div>\r\n\t\t\t\t\t<\/div>\r\n\t\t\t\t<\/div>\r\n\t\t\t\t\t\t\t\t<div class=\"col-xxl-4 col-xl-6 col-lg-6 col-md-6\">\r\n\t\t\t\t\t<div class=\"feature-item-content style2\">\r\n\t\t\t\t\t\t<div class=\"feature-item_shape\">\r\n\t\t\t\t\t\t\t<img decoding=\"async\" src=\"\" alt=\"\"  \/>\t\t\t\t\t\t<\/div>\r\n\t\t\t\t\t\t<div class=\"feature-item_wrapper\">\r\n\t\t\t\t\t\t\t<div class=\"feature-item_icon\">\r\n\t\t\t\t\t\t\t\t<img decoding=\"async\" src=\"https:\/\/themeholy.com\/wordpress\/malen\/wp-content\/uploads\/2023\/05\/phone.svg\" alt=\"phone\"  \/>\t\t\t\t\t\t\t<\/div>\r\n\t\t\t\t\t\t\t<div class=\"media-body\">\r\n\t\t\t\t\t\t\t\t<h3 class=\"feature-item_title\">Sat\u0131\u015f Sonras\u0131 Destek<\/h3>\r\n\t\t\t\t\t\t\t<\/div>\r\n\t\t\t\t\t\t<\/div>\r\n\t\t\t\t\t<\/div>\r\n\t\t\t\t<\/div>\r\n\t\t\t\t\t\t\t<\/div>\r\n\r\n    \t\t\t<\/div>\n\t\t\t\t<\/div>\n\t\t\t\t<div class=\"elementor-element elementor-element-a1b66a4 elementor-widget elementor-widget-maleninfobox\" data-id=\"a1b66a4\" data-element_type=\"widget\" data-widget_type=\"maleninfobox.default\">\n\t\t\t\t<div class=\"elementor-widget-container\">\n\t\t\t\r\n        \t\t\t<div class=\"row gy-4 mb-4 justify-content-center\">\r\n\t\t\t\t<div class=\"col-lg-6\">\r\n\t\t\t\t\t<div class=\"page-img\">\r\n\t\t\t\t\t\t<img decoding=\"async\" src=\"https:\/\/polikalip.com.tr\/wp-content\/uploads\/2023\/09\/polikalipkalite.png\" alt=\"polikalipkalite\"  \/>\t\t\t\t\t<\/div>\r\n\t\t\t\t<\/div>\r\n\t\t\t\t<div class=\"col-lg-6\">\r\n\t\t\t\t\t<div class=\"checklist\">\r\n\t\t\t\t\t\t<ul><li><i class=\"fa-sharp fa-solid fa-circle-check\"><\/i>M\u00fc\u015fteri Memnuniyeti<\/li><li><i class=\"fa-sharp fa-solid fa-circle-check\"><\/i>Kalite Standartlar\u0131na Uyum<\/li><li><i class=\"fa-sharp fa-solid fa-circle-check\"><\/i>S\u00fcrekli \u0130yile\u015ftirme<\/li><li><i class=\"fa-sharp fa-solid fa-circle-check\"><\/i>\u0130\u015fbirli\u011fi ve \u0130leti\u015fim<\/li><li><i class=\"fa-sharp fa-solid fa-circle-check\"><\/i>\u00c7evresel ve Sosyal Sorumluluk<\/li><li><i class=\"fa-sharp fa-solid fa-circle-check\"><\/i>Personel Kat\u0131l\u0131m\u0131 ve Motivasyon<\/li><\/ul>\t\t\t\t\t<\/div>\r\n\t\t\t\t<\/div>\r\n\t\t\t<\/div>\r\n\r\n\t\t\t\t<\/div>\n\t\t\t\t<\/div>\n\t\t\t\t\t<\/div>\n\t\t<\/div>\n\t\t\t\t\t\t\t<\/div>\n\t\t<\/section>\n\t\t\t\t\t\t\t<\/div>\n\t\t","protected":false},"excerpt":{"rendered":"<p>Destek Hatt\u0131m\u0131z \u0130leti\u015fim 0541 266 2108 Kalite Politikam\u0131z PoliKal\u0131p olarak, m\u00fc\u015fterilerimize kaliteli kal\u0131plar sunmak ve otomotiv sekt\u00f6r\u00fcnde fason \u00fcretim hizmetlerinde lider bir tedarik\u00e7i olmak i\u00e7in taahh\u00fctte bulunuyoruz. Kalite politikam\u0131z, \u015firketimizin temel de\u011ferlerini ve hedeflerini yans\u0131tmaktad\u0131r. M\u00fc\u015fteri Memnuniyeti M\u00fc\u015fterilerimizin ihtiya\u00e7lar\u0131n\u0131 anlamak ve beklentilerini kar\u015f\u0131lamak i\u00e7in \u00e7aba g\u00f6steriyoruz. M\u00fc\u015fteri memnuniyetini sa\u011flamak i\u00e7in s\u00fcrekli olarak \u00fcr\u00fcnlerimizin kalitesini art\u0131rmaya&#8230;<\/p>\n","protected":false},"author":1,"featured_media":0,"parent":0,"menu_order":0,"comment_status":"closed","ping_status":"closed","template":"template-builder.php","meta":{"_monsterinsights_skip_tracking":false,"_monsterinsights_sitenote_active":false,"_monsterinsights_sitenote_note":"","_monsterinsights_sitenote_category":0,"footnotes":""},"class_list":["post-24","page","type-page","status-publish","hentry"],"aioseo_notices":[],"_links":{"self":[{"href":"https:\/\/polikalip.com.tr\/index.php?rest_route=\/wp\/v2\/pages\/24","targetHints":{"allow":["GET"]}}],"collection":[{"href":"https:\/\/polikalip.com.tr\/index.php?rest_route=\/wp\/v2\/pages"}],"about":[{"href":"https:\/\/polikalip.com.tr\/index.php?rest_route=\/wp\/v2\/types\/page"}],"author":[{"embeddable":true,"href":"https:\/\/polikalip.com.tr\/index.php?rest_route=\/wp\/v2\/users\/1"}],"replies":[{"embeddable":true,"href":"https:\/\/polikalip.com.tr\/index.php?rest_route=%2Fwp%2Fv2%2Fcomments&post=24"}],"version-history":[{"count":13,"href":"https:\/\/polikalip.com.tr\/index.php?rest_route=\/wp\/v2\/pages\/24\/revisions"}],"predecessor-version":[{"id":2449,"href":"https:\/\/polikalip.com.tr\/index.php?rest_route=\/wp\/v2\/pages\/24\/revisions\/2449"}],"wp:attachment":[{"href":"https:\/\/polikalip.com.tr\/index.php?rest_route=%2Fwp%2Fv2%2Fmedia&parent=24"}],"curies":[{"name":"wp","href":"https:\/\/api.w.org\/{rel}","templated":true}]}}